{"id":176,"date":"2024-12-30T21:53:02","date_gmt":"2024-12-30T20:53:02","guid":{"rendered":"https:\/\/kurek.info\/?page_id=176"},"modified":"2025-01-18T13:33:27","modified_gmt":"2025-01-18T12:33:27","slug":"treppenhaeuser-der-50er-jahre","status":"publish","type":"page","link":"https:\/\/kurek.info\/?page_id=176","title":{"rendered":"Treppenh\u00e4user der 50er Jahre"},"content":{"rendered":"\n<p>2012 habe ich in Hannover diverse Treppenh\u00e4user in Geb\u00e4uden der 50 Jahre fotgrafiert, da sie in ihrer Form und Gesaltung wundersch\u00f6ne grafische Muster und Strukturen wiedergeben.<\/p>\n\n\n\n<figure class=\"wp-block-image size-full\"><img loading=\"lazy\" decoding=\"async\" width=\"984\" height=\"787\" src=\"https:\/\/kurek.info\/wp-content\/uploads\/2024\/12\/0955_Treppenhaus-Hautklinik-Linden_bearbeitet_SW.jpg\" alt=\"\" class=\"wp-image-177\" srcset=\"https:\/\/kurek.info\/wp-content\/uploads\/2024\/12\/0955_Treppenhaus-Hautklinik-Linden_bearbeitet_SW.jpg 984w, https:\/\/kurek.info\/wp-content\/uploads\/2024\/12\/0955_Treppenhaus-Hautklinik-Linden_bearbeitet_SW-980x784.jpg 980w, https:\/\/kurek.info\/wp-content\/uploads\/2024\/12\/0955_Treppenhaus-Hautklinik-Linden_bearbeitet_SW-480x384.jpg 480w\" sizes=\"(min-width: 0px) and (max-width: 480px) 480px, (min-width: 481px) and (max-width: 980px) 980px, (min-width: 981px) 984px, 100vw\" \/><\/figure>\n\n\n\n<p>Treppenhaus der ehemaligen Hautklinik Linden<\/p>\n\n\n\n<figure class=\"wp-block-image size-full\"><img loading=\"lazy\" decoding=\"async\" width=\"984\" height=\"787\" src=\"https:\/\/kurek.info\/wp-content\/uploads\/2024\/12\/1080_treppenhaus-bauverwaltung-nordseite_SW_bearbeitet.jpg\" alt=\"\" class=\"wp-image-178\" srcset=\"https:\/\/kurek.info\/wp-content\/uploads\/2024\/12\/1080_treppenhaus-bauverwaltung-nordseite_SW_bearbeitet.jpg 984w, https:\/\/kurek.info\/wp-content\/uploads\/2024\/12\/1080_treppenhaus-bauverwaltung-nordseite_SW_bearbeitet-980x784.jpg 980w, https:\/\/kurek.info\/wp-content\/uploads\/2024\/12\/1080_treppenhaus-bauverwaltung-nordseite_SW_bearbeitet-480x384.jpg 480w\" sizes=\"(min-width: 0px) and (max-width: 480px) 480px, (min-width: 481px) and (max-width: 980px) 980px, (min-width: 981px) 984px, 100vw\" \/><\/figure>\n\n\n\n<p>Treppenhaus Nordseite der Bauverwaltung LHH <\/p>\n\n\n\n<figure class=\"wp-block-image size-full\"><img loading=\"lazy\" decoding=\"async\" width=\"984\" height=\"787\" src=\"https:\/\/kurek.info\/wp-content\/uploads\/2024\/12\/7731-2_treppenhaus-georgstr-19_SW_bearbeitet.jpg\" alt=\"\" class=\"wp-image-179\" srcset=\"https:\/\/kurek.info\/wp-content\/uploads\/2024\/12\/7731-2_treppenhaus-georgstr-19_SW_bearbeitet.jpg 984w, https:\/\/kurek.info\/wp-content\/uploads\/2024\/12\/7731-2_treppenhaus-georgstr-19_SW_bearbeitet-980x784.jpg 980w, https:\/\/kurek.info\/wp-content\/uploads\/2024\/12\/7731-2_treppenhaus-georgstr-19_SW_bearbeitet-480x384.jpg 480w\" sizes=\"(min-width: 0px) and (max-width: 480px) 480px, (min-width: 481px) and (max-width: 980px) 980px, (min-width: 981px) 984px, 100vw\" \/><\/figure>\n\n\n\n<p>Treppenhaus Georgstra\u00dfe 19<\/p>\n\n\n\n<figure class=\"wp-block-image size-full\"><img loading=\"lazy\" decoding=\"async\" width=\"984\" height=\"787\" src=\"https:\/\/kurek.info\/wp-content\/uploads\/2024\/12\/7796_finanzamt-mitte_bearbeitet_SW.jpg\" alt=\"\" class=\"wp-image-180\" srcset=\"https:\/\/kurek.info\/wp-content\/uploads\/2024\/12\/7796_finanzamt-mitte_bearbeitet_SW.jpg 984w, https:\/\/kurek.info\/wp-content\/uploads\/2024\/12\/7796_finanzamt-mitte_bearbeitet_SW-980x784.jpg 980w, https:\/\/kurek.info\/wp-content\/uploads\/2024\/12\/7796_finanzamt-mitte_bearbeitet_SW-480x384.jpg 480w\" sizes=\"(min-width: 0px) and (max-width: 480px) 480px, (min-width: 481px) and (max-width: 980px) 980px, (min-width: 981px) 984px, 100vw\" \/><\/figure>\n\n\n\n<p>Treppenhaus des Finanzamts Hannover Mitte<\/p>\n\n\n\n<figure class=\"wp-block-image size-full\"><img loading=\"lazy\" decoding=\"async\" width=\"984\" height=\"787\" src=\"https:\/\/kurek.info\/wp-content\/uploads\/2024\/12\/7880_uni-conti-treppenhaus_bearbeitet.jpg\" alt=\"\" class=\"wp-image-181\" srcset=\"https:\/\/kurek.info\/wp-content\/uploads\/2024\/12\/7880_uni-conti-treppenhaus_bearbeitet.jpg 984w, https:\/\/kurek.info\/wp-content\/uploads\/2024\/12\/7880_uni-conti-treppenhaus_bearbeitet-980x784.jpg 980w, https:\/\/kurek.info\/wp-content\/uploads\/2024\/12\/7880_uni-conti-treppenhaus_bearbeitet-480x384.jpg 480w\" sizes=\"(min-width: 0px) and (max-width: 480px) 480px, (min-width: 481px) and (max-width: 980px) 980px, (min-width: 981px) 984px, 100vw\" \/><\/figure>\n\n\n\n<p>Treppenhaus des ehemaligen Verwaltungsgeb\u00e4udes Continental &#8211; jetzt UNI Hannover<\/p>\n\n\n\n<figure class=\"wp-block-image size-full\"><img loading=\"lazy\" decoding=\"async\" width=\"984\" height=\"787\" src=\"https:\/\/kurek.info\/wp-content\/uploads\/2024\/12\/7892_treppe-foyer-uni-conti_A_SW.jpg\" alt=\"\" class=\"wp-image-182\" srcset=\"https:\/\/kurek.info\/wp-content\/uploads\/2024\/12\/7892_treppe-foyer-uni-conti_A_SW.jpg 984w, https:\/\/kurek.info\/wp-content\/uploads\/2024\/12\/7892_treppe-foyer-uni-conti_A_SW-980x784.jpg 980w, https:\/\/kurek.info\/wp-content\/uploads\/2024\/12\/7892_treppe-foyer-uni-conti_A_SW-480x384.jpg 480w\" sizes=\"(min-width: 0px) and (max-width: 480px) 480px, (min-width: 481px) and (max-width: 980px) 980px, (min-width: 981px) 984px, 100vw\" \/><\/figure>\n\n\n\n<p>Treppe Foyer Continental \/ UNI Hannover<\/p>\n\n\n\n<figure class=\"wp-block-image size-full\"><img loading=\"lazy\" decoding=\"async\" width=\"984\" height=\"787\" src=\"https:\/\/kurek.info\/wp-content\/uploads\/2024\/12\/8319_treppe-innenministerium_SW.jpg\" alt=\"\" class=\"wp-image-183\" srcset=\"https:\/\/kurek.info\/wp-content\/uploads\/2024\/12\/8319_treppe-innenministerium_SW.jpg 984w, https:\/\/kurek.info\/wp-content\/uploads\/2024\/12\/8319_treppe-innenministerium_SW-980x784.jpg 980w, https:\/\/kurek.info\/wp-content\/uploads\/2024\/12\/8319_treppe-innenministerium_SW-480x384.jpg 480w\" sizes=\"(min-width: 0px) and (max-width: 480px) 480px, (min-width: 481px) and (max-width: 980px) 980px, (min-width: 981px) 984px, 100vw\" \/><\/figure>\n\n\n\n<p>Treppenhaus Innenministerium Land Niedersachsen<\/p>\n\n\n\n<figure class=\"wp-block-image size-full\"><img loading=\"lazy\" decoding=\"async\" width=\"984\" height=\"787\" src=\"https:\/\/kurek.info\/wp-content\/uploads\/2024\/12\/8883_treppenhaus-MWK_SW_bearbeitet.jpg\" alt=\"\" class=\"wp-image-184\" srcset=\"https:\/\/kurek.info\/wp-content\/uploads\/2024\/12\/8883_treppenhaus-MWK_SW_bearbeitet.jpg 984w, https:\/\/kurek.info\/wp-content\/uploads\/2024\/12\/8883_treppenhaus-MWK_SW_bearbeitet-980x784.jpg 980w, https:\/\/kurek.info\/wp-content\/uploads\/2024\/12\/8883_treppenhaus-MWK_SW_bearbeitet-480x384.jpg 480w\" sizes=\"(min-width: 0px) and (max-width: 480px) 480px, (min-width: 481px) and (max-width: 980px) 980px, (min-width: 981px) 984px, 100vw\" \/><\/figure>\n\n\n\n<p>Treppenhaus Ministerium Wissenschaft u. Kultur Land Niedersachsen<\/p>\n\n\n\n<figure class=\"wp-block-image size-full\"><img loading=\"lazy\" decoding=\"async\" width=\"984\" height=\"787\" src=\"https:\/\/kurek.info\/wp-content\/uploads\/2024\/12\/8481_treppe-siloah-von-unten.jpg\" alt=\"\" class=\"wp-image-185\" srcset=\"https:\/\/kurek.info\/wp-content\/uploads\/2024\/12\/8481_treppe-siloah-von-unten.jpg 984w, https:\/\/kurek.info\/wp-content\/uploads\/2024\/12\/8481_treppe-siloah-von-unten-980x784.jpg 980w, https:\/\/kurek.info\/wp-content\/uploads\/2024\/12\/8481_treppe-siloah-von-unten-480x384.jpg 480w\" sizes=\"(min-width: 0px) and (max-width: 480px) 480px, (min-width: 481px) and (max-width: 980px) 980px, (min-width: 981px) 984px, 100vw\" \/><\/figure>\n\n\n\n<p>Treppenhaus Westfl\u00fcgel Krankenhaus Siloah &#8211; wurde leider abgerissen<\/p>\n","protected":false},"excerpt":{"rendered":"<p>2012 habe ich in Hannover diverse Treppenh\u00e4user in Geb\u00e4uden der 50 Jahre fotgrafiert, da sie in ihrer Form und Gesaltung wundersch\u00f6ne grafische Muster und Strukturen wiedergeben. Treppenhaus der ehemaligen Hautklinik Linden Treppenhaus Nordseite der Bauverwaltung LHH Treppenhaus Georgstra\u00dfe 19 Treppenhaus des Finanzamts Hannover Mitte Treppenhaus des ehemaligen Verwaltungsgeb\u00e4udes Continental &#8211; jetzt UNI Hannover Treppe Foyer [&hellip;]<\/p>\n","protected":false},"author":2,"featured_media":0,"parent":0,"menu_order":0,"comment_status":"closed","ping_status":"closed","template":"","meta":{"_et_pb_use_builder":"","_et_pb_old_content":"","_et_gb_content_width":"1080","footnotes":""},"class_list":["post-176","page","type-page","status-publish","hentry"],"_links":{"self":[{"href":"https:\/\/kurek.info\/index.php?rest_route=\/wp\/v2\/pages\/176","targetHints":{"allow":["GET"]}}],"collection":[{"href":"https:\/\/kurek.info\/index.php?rest_route=\/wp\/v2\/pages"}],"about":[{"href":"https:\/\/kurek.info\/index.php?rest_route=\/wp\/v2\/types\/page"}],"author":[{"embeddable":true,"href":"https:\/\/kurek.info\/index.php?rest_route=\/wp\/v2\/users\/2"}],"replies":[{"embeddable":true,"href":"https:\/\/kurek.info\/index.php?rest_route=%2Fwp%2Fv2%2Fcomments&post=176"}],"version-history":[{"count":2,"href":"https:\/\/kurek.info\/index.php?rest_route=\/wp\/v2\/pages\/176\/revisions"}],"predecessor-version":[{"id":458,"href":"https:\/\/kurek.info\/index.php?rest_route=\/wp\/v2\/pages\/176\/revisions\/458"}],"wp:attachment":[{"href":"https:\/\/kurek.info\/index.php?rest_route=%2Fwp%2Fv2%2Fmedia&parent=176"}],"curies":[{"name":"wp","href":"https:\/\/api.w.org\/{rel}","templated":true}]}}

Treppenhäuser der 50er Jahre

<p>2012 habe ich in Hannover diverse Treppenhäuser in Gebäuden der 50 Jahre fotgrafiert, da sie in ihrer Form und Gesaltung wunderschöne grafische Muster und Strukturen wiedergeben.</p>



<figure class="wp-block-image size-full"><img loading="lazy" decoding="async" width="984" height="787" src="https://kurek.info/wp-content/uploads/2024/12/0955_Treppenhaus-Hautklinik-Linden_bearbeitet_SW.jpg" alt="" class="wp-image-177" srcset="https://kurek.info/wp-content/uploads/2024/12/0955_Treppenhaus-Hautklinik-Linden_bearbeitet_SW.jpg 984w, https://kurek.info/wp-content/uploads/2024/12/0955_Treppenhaus-Hautklinik-Linden_bearbeitet_SW-980x784.jpg 980w, https://kurek.info/wp-content/uploads/2024/12/0955_Treppenhaus-Hautklinik-Linden_bearbeitet_SW-480x384.jpg 480w" sizes="(min-width: 0px) and (max-width: 480px) 480px, (min-width: 481px) and (max-width: 980px) 980px, (min-width: 981px) 984px, 100vw" /></figure>



<p>Treppenhaus der ehemaligen Hautklinik Linden</p>



<figure class="wp-block-image size-full"><img loading="lazy" decoding="async" width="984" height="787" src="https://kurek.info/wp-content/uploads/2024/12/1080_treppenhaus-bauverwaltung-nordseite_SW_bearbeitet.jpg" alt="" class="wp-image-178" srcset="https://kurek.info/wp-content/uploads/2024/12/1080_treppenhaus-bauverwaltung-nordseite_SW_bearbeitet.jpg 984w, https://kurek.info/wp-content/uploads/2024/12/1080_treppenhaus-bauverwaltung-nordseite_SW_bearbeitet-980x784.jpg 980w, https://kurek.info/wp-content/uploads/2024/12/1080_treppenhaus-bauverwaltung-nordseite_SW_bearbeitet-480x384.jpg 480w" sizes="(min-width: 0px) and (max-width: 480px) 480px, (min-width: 481px) and (max-width: 980px) 980px, (min-width: 981px) 984px, 100vw" /></figure>



<p>Treppenhaus Nordseite der Bauverwaltung LHH </p>



<figure class="wp-block-image size-full"><img loading="lazy" decoding="async" width="984" height="787" src="https://kurek.info/wp-content/uploads/2024/12/7731-2_treppenhaus-georgstr-19_SW_bearbeitet.jpg" alt="" class="wp-image-179" srcset="https://kurek.info/wp-content/uploads/2024/12/7731-2_treppenhaus-georgstr-19_SW_bearbeitet.jpg 984w, https://kurek.info/wp-content/uploads/2024/12/7731-2_treppenhaus-georgstr-19_SW_bearbeitet-980x784.jpg 980w, https://kurek.info/wp-content/uploads/2024/12/7731-2_treppenhaus-georgstr-19_SW_bearbeitet-480x384.jpg 480w" sizes="(min-width: 0px) and (max-width: 480px) 480px, (min-width: 481px) and (max-width: 980px) 980px, (min-width: 981px) 984px, 100vw" /></figure>



<p>Treppenhaus Georgstraße 19</p>



<figure class="wp-block-image size-full"><img loading="lazy" decoding="async" width="984" height="787" src="https://kurek.info/wp-content/uploads/2024/12/7796_finanzamt-mitte_bearbeitet_SW.jpg" alt="" class="wp-image-180" srcset="https://kurek.info/wp-content/uploads/2024/12/7796_finanzamt-mitte_bearbeitet_SW.jpg 984w, https://kurek.info/wp-content/uploads/2024/12/7796_finanzamt-mitte_bearbeitet_SW-980x784.jpg 980w, https://kurek.info/wp-content/uploads/2024/12/7796_finanzamt-mitte_bearbeitet_SW-480x384.jpg 480w" sizes="(min-width: 0px) and (max-width: 480px) 480px, (min-width: 481px) and (max-width: 980px) 980px, (min-width: 981px) 984px, 100vw" /></figure>



<p>Treppenhaus des Finanzamts Hannover Mitte</p>



<figure class="wp-block-image size-full"><img loading="lazy" decoding="async" width="984" height="787" src="https://kurek.info/wp-content/uploads/2024/12/7880_uni-conti-treppenhaus_bearbeitet.jpg" alt="" class="wp-image-181" srcset="https://kurek.info/wp-content/uploads/2024/12/7880_uni-conti-treppenhaus_bearbeitet.jpg 984w, https://kurek.info/wp-content/uploads/2024/12/7880_uni-conti-treppenhaus_bearbeitet-980x784.jpg 980w, https://kurek.info/wp-content/uploads/2024/12/7880_uni-conti-treppenhaus_bearbeitet-480x384.jpg 480w" sizes="(min-width: 0px) and (max-width: 480px) 480px, (min-width: 481px) and (max-width: 980px) 980px, (min-width: 981px) 984px, 100vw" /></figure>



<p>Treppenhaus des ehemaligen Verwaltungsgebäudes Continental &#8211; jetzt UNI Hannover</p>



<figure class="wp-block-image size-full"><img loading="lazy" decoding="async" width="984" height="787" src="https://kurek.info/wp-content/uploads/2024/12/7892_treppe-foyer-uni-conti_A_SW.jpg" alt="" class="wp-image-182" srcset="https://kurek.info/wp-content/uploads/2024/12/7892_treppe-foyer-uni-conti_A_SW.jpg 984w, https://kurek.info/wp-content/uploads/2024/12/7892_treppe-foyer-uni-conti_A_SW-980x784.jpg 980w, https://kurek.info/wp-content/uploads/2024/12/7892_treppe-foyer-uni-conti_A_SW-480x384.jpg 480w" sizes="(min-width: 0px) and (max-width: 480px) 480px, (min-width: 481px) and (max-width: 980px) 980px, (min-width: 981px) 984px, 100vw" /></figure>



<p>Treppe Foyer Continental / UNI Hannover</p>



<figure class="wp-block-image size-full"><img loading="lazy" decoding="async" width="984" height="787" src="https://kurek.info/wp-content/uploads/2024/12/8319_treppe-innenministerium_SW.jpg" alt="" class="wp-image-183" srcset="https://kurek.info/wp-content/uploads/2024/12/8319_treppe-innenministerium_SW.jpg 984w, https://kurek.info/wp-content/uploads/2024/12/8319_treppe-innenministerium_SW-980x784.jpg 980w, https://kurek.info/wp-content/uploads/2024/12/8319_treppe-innenministerium_SW-480x384.jpg 480w" sizes="(min-width: 0px) and (max-width: 480px) 480px, (min-width: 481px) and (max-width: 980px) 980px, (min-width: 981px) 984px, 100vw" /></figure>



<p>Treppenhaus Innenministerium Land Niedersachsen</p>



<figure class="wp-block-image size-full"><img loading="lazy" decoding="async" width="984" height="787" src="https://kurek.info/wp-content/uploads/2024/12/8883_treppenhaus-MWK_SW_bearbeitet.jpg" alt="" class="wp-image-184" srcset="https://kurek.info/wp-content/uploads/2024/12/8883_treppenhaus-MWK_SW_bearbeitet.jpg 984w, https://kurek.info/wp-content/uploads/2024/12/8883_treppenhaus-MWK_SW_bearbeitet-980x784.jpg 980w, https://kurek.info/wp-content/uploads/2024/12/8883_treppenhaus-MWK_SW_bearbeitet-480x384.jpg 480w" sizes="(min-width: 0px) and (max-width: 480px) 480px, (min-width: 481px) and (max-width: 980px) 980px, (min-width: 981px) 984px, 100vw" /></figure>



<p>Treppenhaus Ministerium Wissenschaft u. Kultur Land Niedersachsen</p>



<figure class="wp-block-image size-full"><img loading="lazy" decoding="async" width="984" height="787" src="https://kurek.info/wp-content/uploads/2024/12/8481_treppe-siloah-von-unten.jpg" alt="" class="wp-image-185" srcset="https://kurek.info/wp-content/uploads/2024/12/8481_treppe-siloah-von-unten.jpg 984w, https://kurek.info/wp-content/uploads/2024/12/8481_treppe-siloah-von-unten-980x784.jpg 980w, https://kurek.info/wp-content/uploads/2024/12/8481_treppe-siloah-von-unten-480x384.jpg 480w" sizes="(min-width: 0px) and (max-width: 480px) 480px, (min-width: 481px) and (max-width: 980px) 980px, (min-width: 981px) 984px, 100vw" /></figure>



<p>Treppenhaus Westflügel Krankenhaus Siloah &#8211; wurde leider abgerissen</p>

<p>2012 habe ich in Hannover diverse Treppenhäuser in Gebäuden der 50 Jahre fotgrafiert, da sie in ihrer Form und Gesaltung wunderschöne grafische Muster und Strukturen wiedergeben. Treppenhaus der ehemaligen Hautklinik Linden Treppenhaus Nordseite der Bauverwaltung LHH Treppenhaus Georgstraße 19 Treppenhaus des Finanzamts Hannover Mitte Treppenhaus des ehemaligen Verwaltungsgebäudes Continental &#8211; jetzt UNI Hannover Treppe Foyer [&hellip;]</p>
