{"id":188,"date":"2024-12-30T22:27:11","date_gmt":"2024-12-30T21:27:11","guid":{"rendered":"https:\/\/kurek.info\/?page_id=188"},"modified":"2024-12-30T22:27:12","modified_gmt":"2024-12-30T21:27:12","slug":"strassenmusik","status":"publish","type":"page","link":"https:\/\/kurek.info\/?page_id=188","title":{"rendered":"Stra\u00dfenmusik"},"content":{"rendered":"\n<p>Stra\u00dfenmusikerinnen und Stra\u00dfenmusiker geh\u00f6ren zum allt\u00e4glichen Leben und Bild der Gro\u00dfstadt. Mit der Unterschiedlichkeit ihrer Herkunft, ihren verschiedenen kulturellen Hintergr\u00fcnden und Musikinstrumenten vermitteln sie uns einen Teil ihrer Kultur.<\/p>\n\n\n\n<p>Seit einigen Jahren sind es immer mehr Menschen aus den neuen EU-L\u00e4ndern, die in die deutschen Gro\u00dfst\u00e4dte kommen, um auch einen (kleinen) Teil vom Wohlstands-versprechen ab zu bekommen. Es sind oft Menschen, die eine musikalische Ausbildung haben und in ihrer Heimat bis vor einigen Jahren eine Existenz als Musiker hatten. Durch die gesellschaftlichen und politischen Ver\u00e4nderungen haben sie diese verloren. Oft sind es aber auch arme Menschen, denen aufgrund ihrer Herkunft und Volkszugeh\u00f6rigkeit in ihrer Heimat jegliche Chance auf Bildung, Arbeit und Sicherheit verwehrt wird. Mit ihren geringen volkst\u00fcmlichen musikalischen Kenntnissen versuchen sie ein wenig vom \u201egro\u00dfen Kuchen\u201c ab zu bekommen. Sie verdienen wenigsten unseren Respekt und haben keine diskriminierende Ausgrenzung verdient. <strong>Sie bereichern unseren Alltag und machen die Innenstadt lebendiger.<\/strong><\/p>\n\n\n\n<p>Hannover \u2013 UNESCO City of Music \u2013 hat strengere, restriktive Regeln f\u00fcr Stra\u00dfenmusikerInnen erlassen und folgt damit dem Ruf der City-Kaufleute-Gemeinschaft (HAZ v. 02.03.16). Peinlich daran ist, dass die gleichen Gesch\u00e4ftsleute alles tun, damit die Stadt zu einer einzigen kulturlosen Konsumzone verkommt. \u201eSonn- und Feiertags ganz entspannt einkaufen\u201c, st\u00e4ndig neue Events mit Dauerbeschallung und `bitte sch\u00f6n keine St\u00f6rung vom eingekauft werden\u00b4 ist ihre Devise.<\/p>\n\n\n\n<figure class=\"wp-block-image size-large\"><img loading=\"lazy\" decoding=\"async\" width=\"1024\" height=\"527\" src=\"https:\/\/kurek.info\/wp-content\/uploads\/2024\/12\/MG_2441_SW-1024x527.jpg\" alt=\"\" class=\"wp-image-189\" srcset=\"https:\/\/kurek.info\/wp-content\/uploads\/2024\/12\/MG_2441_SW-980x505.jpg 980w, https:\/\/kurek.info\/wp-content\/uploads\/2024\/12\/MG_2441_SW-480x247.jpg 480w\" sizes=\"(min-width: 0px) and (max-width: 480px) 480px, (min-width: 481px) and (max-width: 980px) 980px, (min-width: 981px) 1024px, 100vw\" \/><\/figure>\n\n\n\n<p>Letzte Reduzierung<\/p>\n\n\n\n<figure class=\"wp-block-image size-large\"><img loading=\"lazy\" decoding=\"async\" width=\"1024\" height=\"991\" src=\"https:\/\/kurek.info\/wp-content\/uploads\/2024\/12\/DSF4799_A_SW-1024x991.jpg\" alt=\"\" class=\"wp-image-190\" srcset=\"https:\/\/kurek.info\/wp-content\/uploads\/2024\/12\/DSF4799_A_SW-980x948.jpg 980w, https:\/\/kurek.info\/wp-content\/uploads\/2024\/12\/DSF4799_A_SW-480x464.jpg 480w\" sizes=\"(min-width: 0px) and (max-width: 480px) 480px, (min-width: 481px) and (max-width: 980px) 980px, (min-width: 981px) 1024px, 100vw\" \/><\/figure>\n\n\n\n<p>Musiker vor der Deutschen Bank<\/p>\n\n\n\n<figure class=\"wp-block-image size-large\"><img loading=\"lazy\" decoding=\"async\" width=\"1024\" height=\"683\" src=\"https:\/\/kurek.info\/wp-content\/uploads\/2024\/12\/DSF1610-1024x683.jpg\" alt=\"\" class=\"wp-image-191\" srcset=\"https:\/\/kurek.info\/wp-content\/uploads\/2024\/12\/DSF1610-980x654.jpg 980w, https:\/\/kurek.info\/wp-content\/uploads\/2024\/12\/DSF1610-480x320.jpg 480w\" sizes=\"(min-width: 0px) and (max-width: 480px) 480px, (min-width: 481px) and (max-width: 980px) 980px, (min-width: 981px) 1024px, 100vw\" \/><\/figure>\n\n\n\n<p>Ein Stra\u00dfenmusikgitarrist lauscht gebannt einer Geigerin<\/p>\n\n\n\n<figure class=\"wp-block-image size-full\"><img loading=\"lazy\" decoding=\"async\" width=\"979\" height=\"653\" src=\"https:\/\/kurek.info\/wp-content\/uploads\/2024\/12\/4251-2_SW_musiker-vor-netto-hildesheimerstr.jpg\" alt=\"\" class=\"wp-image-192\" srcset=\"https:\/\/kurek.info\/wp-content\/uploads\/2024\/12\/4251-2_SW_musiker-vor-netto-hildesheimerstr.jpg 979w, https:\/\/kurek.info\/wp-content\/uploads\/2024\/12\/4251-2_SW_musiker-vor-netto-hildesheimerstr-480x320.jpg 480w\" sizes=\"(min-width: 0px) and (max-width: 480px) 480px, (min-width: 481px) 979px, 100vw\" \/><\/figure>\n\n\n\n<p>Rum\u00e4nischer Musiker vor Nettomarkt<\/p>\n\n\n\n<figure class=\"wp-block-image size-large\"><img loading=\"lazy\" decoding=\"async\" width=\"1024\" height=\"682\" src=\"https:\/\/kurek.info\/wp-content\/uploads\/2024\/12\/6321_strassenmusiker-bahnhofstr_SW-1024x682.jpg\" alt=\"\" class=\"wp-image-193\" srcset=\"https:\/\/kurek.info\/wp-content\/uploads\/2024\/12\/6321_strassenmusiker-bahnhofstr_SW-1024x682.jpg 1024w, https:\/\/kurek.info\/wp-content\/uploads\/2024\/12\/6321_strassenmusiker-bahnhofstr_SW-980x653.jpg 980w, https:\/\/kurek.info\/wp-content\/uploads\/2024\/12\/6321_strassenmusiker-bahnhofstr_SW-480x320.jpg 480w\" sizes=\"(min-width: 0px) and (max-width: 480px) 480px, (min-width: 481px) and (max-width: 980px) 980px, (min-width: 981px) 1024px, 100vw\" \/><\/figure>\n\n\n\n<p>Musiker in der Bahnhofstra\u00dfe Hannover<\/p>\n\n\n\n<figure class=\"wp-block-image size-full\"><img loading=\"lazy\" decoding=\"async\" width=\"1000\" height=\"981\" src=\"https:\/\/kurek.info\/wp-content\/uploads\/2024\/12\/1316_saxofon-u-akkordeon_SW.jpg\" alt=\"\" class=\"wp-image-195\" srcset=\"https:\/\/kurek.info\/wp-content\/uploads\/2024\/12\/1316_saxofon-u-akkordeon_SW.jpg 1000w, https:\/\/kurek.info\/wp-content\/uploads\/2024\/12\/1316_saxofon-u-akkordeon_SW-980x961.jpg 980w, https:\/\/kurek.info\/wp-content\/uploads\/2024\/12\/1316_saxofon-u-akkordeon_SW-480x471.jpg 480w\" sizes=\"(min-width: 0px) and (max-width: 480px) 480px, (min-width: 481px) and (max-width: 980px) 980px, (min-width: 981px) 1000px, 100vw\" \/><\/figure>\n\n\n\n<p>Stra\u00dfenmusik -Was sonst ?<\/p>\n\n\n\n<figure class=\"wp-block-image size-large\"><img loading=\"lazy\" decoding=\"async\" width=\"1024\" height=\"683\" src=\"https:\/\/kurek.info\/wp-content\/uploads\/2024\/12\/1196_RAK-am-Lichtenbergplatz_SW-1024x683.jpg\" alt=\"\" class=\"wp-image-197\" srcset=\"https:\/\/kurek.info\/wp-content\/uploads\/2024\/12\/1196_RAK-am-Lichtenbergplatz_SW-980x653.jpg 980w, https:\/\/kurek.info\/wp-content\/uploads\/2024\/12\/1196_RAK-am-Lichtenbergplatz_SW-480x320.jpg 480w\" sizes=\"(min-width: 0px) and (max-width: 480px) 480px, (min-width: 481px) and (max-width: 980px) 980px, (min-width: 981px) 1024px, 100vw\" \/><\/figure>\n\n\n\n<p>Stra\u00dfenmusikertreffen in Linden<\/p>\n\n\n\n<figure class=\"wp-block-image size-large\"><img loading=\"lazy\" decoding=\"async\" width=\"1024\" height=\"685\" src=\"https:\/\/kurek.info\/wp-content\/uploads\/2024\/12\/0316_russischer-Strassenmusiker_SW-1024x685.jpg\" alt=\"\" class=\"wp-image-198\" srcset=\"https:\/\/kurek.info\/wp-content\/uploads\/2024\/12\/0316_russischer-Strassenmusiker_SW-980x655.jpg 980w, https:\/\/kurek.info\/wp-content\/uploads\/2024\/12\/0316_russischer-Strassenmusiker_SW-480x321.jpg 480w\" sizes=\"(min-width: 0px) and (max-width: 480px) 480px, (min-width: 481px) and (max-width: 980px) 980px, (min-width: 981px) 1024px, 100vw\" \/><\/figure>\n\n\n\n<p>Russischer Stra\u00dfenmusiker in der City<\/p>\n\n\n\n<figure class=\"wp-block-image size-large\"><img loading=\"lazy\" decoding=\"async\" width=\"1024\" height=\"683\" src=\"https:\/\/kurek.info\/wp-content\/uploads\/2024\/12\/6810_Akkordeonspieler-im-winter-vor-Rewe_SW-1024x683.jpg\" alt=\"\" class=\"wp-image-199\" srcset=\"https:\/\/kurek.info\/wp-content\/uploads\/2024\/12\/6810_Akkordeonspieler-im-winter-vor-Rewe_SW-980x653.jpg 980w, https:\/\/kurek.info\/wp-content\/uploads\/2024\/12\/6810_Akkordeonspieler-im-winter-vor-Rewe_SW-480x320.jpg 480w\" sizes=\"(min-width: 0px) and (max-width: 480px) 480px, (min-width: 481px) and (max-width: 980px) 980px, (min-width: 981px) 1024px, 100vw\" \/><\/figure>\n\n\n\n<p>Stra\u00dfenmusiker im winter vor dem REWE-Markt Limmerstra\u00dfe<\/p>\n","protected":false},"excerpt":{"rendered":"<p>Stra\u00dfenmusikerinnen und Stra\u00dfenmusiker geh\u00f6ren zum allt\u00e4glichen Leben und Bild der Gro\u00dfstadt. Mit der Unterschiedlichkeit ihrer Herkunft, ihren verschiedenen kulturellen Hintergr\u00fcnden und Musikinstrumenten vermitteln sie uns einen Teil ihrer Kultur. Seit einigen Jahren sind es immer mehr Menschen aus den neuen EU-L\u00e4ndern, die in die deutschen Gro\u00dfst\u00e4dte kommen, um auch einen (kleinen) Teil vom Wohlstands-versprechen ab [&hellip;]<\/p>\n","protected":false},"author":2,"featured_media":0,"parent":0,"menu_order":0,"comment_status":"closed","ping_status":"closed","template":"","meta":{"_et_pb_use_builder":"","_et_pb_old_content":"","_et_gb_content_width":"","footnotes":""},"class_list":["post-188","page","type-page","status-publish","hentry"],"_links":{"self":[{"href":"https:\/\/kurek.info\/index.php?rest_route=\/wp\/v2\/pages\/188","targetHints":{"allow":["GET"]}}],"collection":[{"href":"https:\/\/kurek.info\/index.php?rest_route=\/wp\/v2\/pages"}],"about":[{"href":"https:\/\/kurek.info\/index.php?rest_route=\/wp\/v2\/types\/page"}],"author":[{"embeddable":true,"href":"https:\/\/kurek.info\/index.php?rest_route=\/wp\/v2\/users\/2"}],"replies":[{"embeddable":true,"href":"https:\/\/kurek.info\/index.php?rest_route=%2Fwp%2Fv2%2Fcomments&post=188"}],"version-history":[{"count":2,"href":"https:\/\/kurek.info\/index.php?rest_route=\/wp\/v2\/pages\/188\/revisions"}],"predecessor-version":[{"id":200,"href":"https:\/\/kurek.info\/index.php?rest_route=\/wp\/v2\/pages\/188\/revisions\/200"}],"wp:attachment":[{"href":"https:\/\/kurek.info\/index.php?rest_route=%2Fwp%2Fv2%2Fmedia&parent=188"}],"curies":[{"name":"wp","href":"https:\/\/api.w.org\/{rel}","templated":true}]}}

Straßenmusik

<p>Straßenmusikerinnen und Straßenmusiker gehören zum alltäglichen Leben und Bild der Großstadt. Mit der Unterschiedlichkeit ihrer Herkunft, ihren verschiedenen kulturellen Hintergründen und Musikinstrumenten vermitteln sie uns einen Teil ihrer Kultur.</p>



<p>Seit einigen Jahren sind es immer mehr Menschen aus den neuen EU-Ländern, die in die deutschen Großstädte kommen, um auch einen (kleinen) Teil vom Wohlstands-versprechen ab zu bekommen. Es sind oft Menschen, die eine musikalische Ausbildung haben und in ihrer Heimat bis vor einigen Jahren eine Existenz als Musiker hatten. Durch die gesellschaftlichen und politischen Veränderungen haben sie diese verloren. Oft sind es aber auch arme Menschen, denen aufgrund ihrer Herkunft und Volkszugehörigkeit in ihrer Heimat jegliche Chance auf Bildung, Arbeit und Sicherheit verwehrt wird. Mit ihren geringen volkstümlichen musikalischen Kenntnissen versuchen sie ein wenig vom „großen Kuchen“ ab zu bekommen. Sie verdienen wenigsten unseren Respekt und haben keine diskriminierende Ausgrenzung verdient. <strong>Sie bereichern unseren Alltag und machen die Innenstadt lebendiger.</strong></p>



<p>Hannover – UNESCO City of Music – hat strengere, restriktive Regeln für StraßenmusikerInnen erlassen und folgt damit dem Ruf der City-Kaufleute-Gemeinschaft (HAZ v. 02.03.16). Peinlich daran ist, dass die gleichen Geschäftsleute alles tun, damit die Stadt zu einer einzigen kulturlosen Konsumzone verkommt. „Sonn- und Feiertags ganz entspannt einkaufen“, ständig neue Events mit Dauerbeschallung und `bitte schön keine Störung vom eingekauft werden´ ist ihre Devise.</p>



<figure class="wp-block-image size-large"><img loading="lazy" decoding="async" width="1024" height="527" src="https://kurek.info/wp-content/uploads/2024/12/MG_2441_SW-1024x527.jpg" alt="" class="wp-image-189" srcset="https://kurek.info/wp-content/uploads/2024/12/MG_2441_SW-980x505.jpg 980w, https://kurek.info/wp-content/uploads/2024/12/MG_2441_SW-480x247.jpg 480w" sizes="(min-width: 0px) and (max-width: 480px) 480px, (min-width: 481px) and (max-width: 980px) 980px, (min-width: 981px) 1024px, 100vw" /></figure>



<p>Letzte Reduzierung</p>



<figure class="wp-block-image size-large"><img loading="lazy" decoding="async" width="1024" height="991" src="https://kurek.info/wp-content/uploads/2024/12/DSF4799_A_SW-1024x991.jpg" alt="" class="wp-image-190" srcset="https://kurek.info/wp-content/uploads/2024/12/DSF4799_A_SW-980x948.jpg 980w, https://kurek.info/wp-content/uploads/2024/12/DSF4799_A_SW-480x464.jpg 480w" sizes="(min-width: 0px) and (max-width: 480px) 480px, (min-width: 481px) and (max-width: 980px) 980px, (min-width: 981px) 1024px, 100vw" /></figure>



<p>Musiker vor der Deutschen Bank</p>



<figure class="wp-block-image size-large"><img loading="lazy" decoding="async" width="1024" height="683" src="https://kurek.info/wp-content/uploads/2024/12/DSF1610-1024x683.jpg" alt="" class="wp-image-191" srcset="https://kurek.info/wp-content/uploads/2024/12/DSF1610-980x654.jpg 980w, https://kurek.info/wp-content/uploads/2024/12/DSF1610-480x320.jpg 480w" sizes="(min-width: 0px) and (max-width: 480px) 480px, (min-width: 481px) and (max-width: 980px) 980px, (min-width: 981px) 1024px, 100vw" /></figure>



<p>Ein Straßenmusikgitarrist lauscht gebannt einer Geigerin</p>



<figure class="wp-block-image size-full"><img loading="lazy" decoding="async" width="979" height="653" src="https://kurek.info/wp-content/uploads/2024/12/4251-2_SW_musiker-vor-netto-hildesheimerstr.jpg" alt="" class="wp-image-192" srcset="https://kurek.info/wp-content/uploads/2024/12/4251-2_SW_musiker-vor-netto-hildesheimerstr.jpg 979w, https://kurek.info/wp-content/uploads/2024/12/4251-2_SW_musiker-vor-netto-hildesheimerstr-480x320.jpg 480w" sizes="(min-width: 0px) and (max-width: 480px) 480px, (min-width: 481px) 979px, 100vw" /></figure>



<p>Rumänischer Musiker vor Nettomarkt</p>



<figure class="wp-block-image size-large"><img loading="lazy" decoding="async" width="1024" height="682" src="https://kurek.info/wp-content/uploads/2024/12/6321_strassenmusiker-bahnhofstr_SW-1024x682.jpg" alt="" class="wp-image-193" srcset="https://kurek.info/wp-content/uploads/2024/12/6321_strassenmusiker-bahnhofstr_SW-1024x682.jpg 1024w, https://kurek.info/wp-content/uploads/2024/12/6321_strassenmusiker-bahnhofstr_SW-980x653.jpg 980w, https://kurek.info/wp-content/uploads/2024/12/6321_strassenmusiker-bahnhofstr_SW-480x320.jpg 480w" sizes="(min-width: 0px) and (max-width: 480px) 480px, (min-width: 481px) and (max-width: 980px) 980px, (min-width: 981px) 1024px, 100vw" /></figure>



<p>Musiker in der Bahnhofstraße Hannover</p>



<figure class="wp-block-image size-full"><img loading="lazy" decoding="async" width="1000" height="981" src="https://kurek.info/wp-content/uploads/2024/12/1316_saxofon-u-akkordeon_SW.jpg" alt="" class="wp-image-195" srcset="https://kurek.info/wp-content/uploads/2024/12/1316_saxofon-u-akkordeon_SW.jpg 1000w, https://kurek.info/wp-content/uploads/2024/12/1316_saxofon-u-akkordeon_SW-980x961.jpg 980w, https://kurek.info/wp-content/uploads/2024/12/1316_saxofon-u-akkordeon_SW-480x471.jpg 480w" sizes="(min-width: 0px) and (max-width: 480px) 480px, (min-width: 481px) and (max-width: 980px) 980px, (min-width: 981px) 1000px, 100vw" /></figure>



<p>Straßenmusik -Was sonst ?</p>



<figure class="wp-block-image size-large"><img loading="lazy" decoding="async" width="1024" height="683" src="https://kurek.info/wp-content/uploads/2024/12/1196_RAK-am-Lichtenbergplatz_SW-1024x683.jpg" alt="" class="wp-image-197" srcset="https://kurek.info/wp-content/uploads/2024/12/1196_RAK-am-Lichtenbergplatz_SW-980x653.jpg 980w, https://kurek.info/wp-content/uploads/2024/12/1196_RAK-am-Lichtenbergplatz_SW-480x320.jpg 480w" sizes="(min-width: 0px) and (max-width: 480px) 480px, (min-width: 481px) and (max-width: 980px) 980px, (min-width: 981px) 1024px, 100vw" /></figure>



<p>Straßenmusikertreffen in Linden</p>



<figure class="wp-block-image size-large"><img loading="lazy" decoding="async" width="1024" height="685" src="https://kurek.info/wp-content/uploads/2024/12/0316_russischer-Strassenmusiker_SW-1024x685.jpg" alt="" class="wp-image-198" srcset="https://kurek.info/wp-content/uploads/2024/12/0316_russischer-Strassenmusiker_SW-980x655.jpg 980w, https://kurek.info/wp-content/uploads/2024/12/0316_russischer-Strassenmusiker_SW-480x321.jpg 480w" sizes="(min-width: 0px) and (max-width: 480px) 480px, (min-width: 481px) and (max-width: 980px) 980px, (min-width: 981px) 1024px, 100vw" /></figure>



<p>Russischer Straßenmusiker in der City</p>



<figure class="wp-block-image size-large"><img loading="lazy" decoding="async" width="1024" height="683" src="https://kurek.info/wp-content/uploads/2024/12/6810_Akkordeonspieler-im-winter-vor-Rewe_SW-1024x683.jpg" alt="" class="wp-image-199" srcset="https://kurek.info/wp-content/uploads/2024/12/6810_Akkordeonspieler-im-winter-vor-Rewe_SW-980x653.jpg 980w, https://kurek.info/wp-content/uploads/2024/12/6810_Akkordeonspieler-im-winter-vor-Rewe_SW-480x320.jpg 480w" sizes="(min-width: 0px) and (max-width: 480px) 480px, (min-width: 481px) and (max-width: 980px) 980px, (min-width: 981px) 1024px, 100vw" /></figure>



<p>Straßenmusiker im winter vor dem REWE-Markt Limmerstraße</p>

<p>Straßenmusikerinnen und Straßenmusiker gehören zum alltäglichen Leben und Bild der Großstadt. Mit der Unterschiedlichkeit ihrer Herkunft, ihren verschiedenen kulturellen Hintergründen und Musikinstrumenten vermitteln sie uns einen Teil ihrer Kultur. Seit einigen Jahren sind es immer mehr Menschen aus den neuen EU-Ländern, die in die deutschen Großstädte kommen, um auch einen (kleinen) Teil vom Wohlstands-versprechen ab [&hellip;]</p>
